{"id":116,"date":"2017-10-04T20:38:44","date_gmt":"2017-10-04T20:38:44","guid":{"rendered":"http:\/\/www.utn.edu.ec\/fccss\/carreras\/medicina\/?page_id=116"},"modified":"2021-09-20T21:25:17","modified_gmt":"2021-09-20T21:25:17","slug":"movilidad-estudiantil","status":"publish","type":"page","link":"https:\/\/medicina.utn.edu.ec\/index.php\/movilidad-estudiantil\/","title":{"rendered":"Movilidad Estudiantil"},"content":{"rendered":"\n<p style=\"text-align:center\">ESTUDIANTES DE LA CARRERA DE MEDICINA DE SEXTO SEMESTRE PARTICIPAN EN EL PROCESO DE MOVILIDAD ESTUDIANTIL<\/p>\n\n\n\n<div class=\"wp-block-image\"><figure class=\"alignleft\"><img loading=\"lazy\" decoding=\"async\" width=\"300\" height=\"399\" src=\"https:\/\/medicina.utn.edu.ec\/wp-content\/uploads\/2020\/04\/noticia-21.jpg\" alt=\"\" class=\"wp-image-328\" srcset=\"https:\/\/medicina.utn.edu.ec\/wp-content\/uploads\/2020\/04\/noticia-21.jpg 300w, https:\/\/medicina.utn.edu.ec\/wp-content\/uploads\/2020\/04\/noticia-21-226x300.jpg 226w, https:\/\/medicina.utn.edu.ec\/wp-content\/uploads\/2020\/04\/noticia-21-203x270.jpg 203w\" sizes=\"(max-width: 300px) 100vw, 300px\" \/><\/figure><\/div>\n\n\n\n<p style=\"text-align: justify;\"> Las pasant\u00edas como parte de nuestra formaci\u00f3n en las ciencias m\u00e9dicas se sustentan en la aplicaci\u00f3n de los conocimientos adquiridos en un campo pr\u00e1ctico, en este caso en los laboratorios del CINVESTAV y El Centro de Investigaci\u00f3n y Estudios Avanzados del Instituto Polit\u00e9cnico Nacional. Las actividades realizadas fueron encaminadas a contribuir y mejorar el perfil profesional, esp\u00edritu investigativo y sobre todo el deseo de superaci\u00f3n de los estudiantes a lo largo de su formaci\u00f3n universitaria y posteriormente en el campo profesional. <\/p>\n\n\n\n<p style=\"text-align: justify;\"> Observar las t\u00e9cnicas aplicadas en los laboratorios del Centro de Investigaci\u00f3n y Estudios Avanzados del Instituto Polit\u00e9cnico Nacional de M\u00e9xico- CINVESTAV. <\/p>\n\n\n\n<p style=\"text-align: justify;\">Durante 1 mes permanecieron en la ciudad de M\u00e9xico para realizar esta pr\u00e1ctica investigativa.<\/p>\n","protected":false},"excerpt":{"rendered":"<p>ESTUDIANTES DE LA CARRERA DE MEDICINA DE SEXTO SEMESTRE PARTICIPAN EN EL PROCESO DE MOVILIDAD ESTUDIANTIL Las pasant\u00edas como parte de nuestra formaci\u00f3n en las ciencias m\u00e9dicas se sustentan en la aplicaci\u00f3n de los conocimientos adquiridos en un campo pr\u00e1ctico, <a href=\"https:\/\/medicina.utn.edu.ec\/index.php\/movilidad-estudiantil\/\" class=\"read-more\">Read More &#8230;<\/a><\/p>\n","protected":false},"author":1,"featured_media":0,"parent":0,"menu_order":0,"comment_status":"closed","ping_status":"closed","template":"","meta":{"footnotes":""},"class_list":["post-116","page","type-page","status-publish","hentry"],"_links":{"self":[{"href":"https:\/\/medicina.utn.edu.ec\/index.php\/wp-json\/wp\/v2\/pages\/116"}],"collection":[{"href":"https:\/\/medicina.utn.edu.ec\/index.php\/wp-json\/wp\/v2\/pages"}],"about":[{"href":"https:\/\/medicina.utn.edu.ec\/index.php\/wp-json\/wp\/v2\/types\/page"}],"author":[{"embeddable":true,"href":"https:\/\/medicina.utn.edu.ec\/index.php\/wp-json\/wp\/v2\/users\/1"}],"replies":[{"embeddable":true,"href":"https:\/\/medicina.utn.edu.ec\/index.php\/wp-json\/wp\/v2\/comments?post=116"}],"version-history":[{"count":7,"href":"https:\/\/medicina.utn.edu.ec\/index.php\/wp-json\/wp\/v2\/pages\/116\/revisions"}],"predecessor-version":[{"id":620,"href":"https:\/\/medicina.utn.edu.ec\/index.php\/wp-json\/wp\/v2\/pages\/116\/revisions\/620"}],"wp:attachment":[{"href":"https:\/\/medicina.utn.edu.ec\/index.php\/wp-json\/wp\/v2\/media?parent=116"}],"curies":[{"name":"wp","href":"https:\/\/api.w.org\/{rel}","templated":true}]}}