{"id":28,"date":"2017-10-04T20:19:01","date_gmt":"2017-10-04T20:19:01","guid":{"rendered":"http:\/\/www.utn.edu.ec\/fccss\/carreras\/medicina\/?page_id=28"},"modified":"2023-01-25T20:06:20","modified_gmt":"2023-01-25T20:06:20","slug":"historia-de-carrera","status":"publish","type":"page","link":"https:\/\/medicina.utn.edu.ec\/index.php\/historia-de-carrera\/","title":{"rendered":"Historia de Carrera"},"content":{"rendered":"\n<p><strong>\u00abUN SUE\u00d1O HECHO REALIDAD\u00bb<\/strong><\/p>\n\n\n\n<p style=\"text-align: justify;\">En el a\u00f1o 2013, la autoridad m\u00e1xima de la Universidad T\u00e9cnica del Norte Dr. Miguel Naranjo y la Sra. Subdecana de la Facultad Ciencias de la Salud Mgs. Roc\u00edo Castillo, realizan el encargo a la Dra. Salom\u00e9 Gordillo, de elaborar el proyecto de creaci\u00f3n de la carrera de Medicina. La Dra. Salom\u00e9 Gordillo inicia el trabajo considerando varios aspectos:<\/p>\n<p style=\"text-align: justify;\">1. La base legal vigente, desde la constituci\u00f3n de la rep\u00fablica (2008), Plan Nacional del Buen Vivir (2013-2017).<\/p>\n<p style=\"text-align: justify;\">2. La normativa de Educaci\u00f3n Superior espec\u00edficamente el Reglamento de R\u00e9gimen Acad\u00e9mico.<\/p>\n<p style=\"text-align: justify;\">3. La normativa del sector salud especialmente el modelo de gesti\u00f3n del Ministerio de Salud P\u00fablica y el Modelo de atenci\u00f3n Integral en Salud (MAIS).<\/p>\n<p style=\"text-align: justify;\">En el mes de Julio del 2013 el proyecto de creaci\u00f3n de la carrera de Medicina se aprueba en el Honorable Consejo Universitario de la Universidad T\u00e9cnica del Norte, inici\u00e1ndose de esta forma el proceso de aprobaci\u00f3n en el Consejo de Educaci\u00f3n Superior. Este proceso result\u00f3 ser muy complejo sin embargo de un elevado aprendizaje, el proyecto fue repetidamente evaluado por profesionales nacionales y extranjeros con altos conocimientos pedag\u00f3gicos y curriculares. Se realizaron las correcciones a las recomendaciones sugeridas por ellos, se present\u00f3 el proyecto a representantes del Consejo de Educaci\u00f3n Superior (CES), Consejo de Evaluaci\u00f3n, Acreditaci\u00f3n y Aseguramiento de la Calidad de la Educaci\u00f3n Superior (CEAACES), Ministerio de Salud P\u00fablica entre otros. Las modificaciones en el Reglamento de R\u00e9gimen Acad\u00e9mico hacen que el proyecto se modifique por varias ocasiones, concluy\u00e9ndose el mismo en octubre del 2015, envi\u00e1ndolo al Consejo de Educaci\u00f3n Superior a trav\u00e9s de su plataforma virtual. En enero del 2016, se emiten dos informes de evaluaci\u00f3n en los que se indica: a) Por parte de SEMPLADES, se da un informe favorable luego de evaluar la pertinencia del proyecto. b) Por parte del evaluador externo que emite un informe favorable con cambios m\u00ednimos. Se realizan los cambios correspondientes, sin embargo, en marzo del 2016 se realiza una nueva modificaci\u00f3n del Reglamento de R\u00e9gimen Acad\u00e9mico espec\u00edficamente para las carreras de Medicina, por lo que se realizan las modificaciones correspondientes y se env\u00eda para su revisi\u00f3n final.<\/p>\n<p style=\"text-align: justify;\">Fecha de aprobaci\u00f3n: 3 de agosto del 2016<\/p>\n<p style=\"text-align: justify;\">N\u00famero de resoluci\u00f3n de aprobaci\u00f3n: N\u00b0 RPC-SO-30-No.538-2016<\/p>\n","protected":false},"excerpt":{"rendered":"<p>\u00abUN SUE\u00d1O HECHO REALIDAD\u00bb En el a\u00f1o 2013, la autoridad m\u00e1xima de la Universidad T\u00e9cnica del Norte Dr. Miguel Naranjo y la Sra. Subdecana de la Facultad Ciencias de la Salud Mgs. Roc\u00edo Castillo, realizan el encargo a la Dra. <a href=\"https:\/\/medicina.utn.edu.ec\/index.php\/historia-de-carrera\/\" class=\"read-more\">Read More &#8230;<\/a><\/p>\n","protected":false},"author":1,"featured_media":0,"parent":0,"menu_order":0,"comment_status":"closed","ping_status":"closed","template":"","meta":{"footnotes":""},"class_list":["post-28","page","type-page","status-publish","hentry"],"_links":{"self":[{"href":"https:\/\/medicina.utn.edu.ec\/index.php\/wp-json\/wp\/v2\/pages\/28"}],"collection":[{"href":"https:\/\/medicina.utn.edu.ec\/index.php\/wp-json\/wp\/v2\/pages"}],"about":[{"href":"https:\/\/medicina.utn.edu.ec\/index.php\/wp-json\/wp\/v2\/types\/page"}],"author":[{"embeddable":true,"href":"https:\/\/medicina.utn.edu.ec\/index.php\/wp-json\/wp\/v2\/users\/1"}],"replies":[{"embeddable":true,"href":"https:\/\/medicina.utn.edu.ec\/index.php\/wp-json\/wp\/v2\/comments?post=28"}],"version-history":[{"count":5,"href":"https:\/\/medicina.utn.edu.ec\/index.php\/wp-json\/wp\/v2\/pages\/28\/revisions"}],"predecessor-version":[{"id":731,"href":"https:\/\/medicina.utn.edu.ec\/index.php\/wp-json\/wp\/v2\/pages\/28\/revisions\/731"}],"wp:attachment":[{"href":"https:\/\/medicina.utn.edu.ec\/index.php\/wp-json\/wp\/v2\/media?parent=28"}],"curies":[{"name":"wp","href":"https:\/\/api.w.org\/{rel}","templated":true}]}}