{"id":55,"date":"2017-10-04T20:25:06","date_gmt":"2017-10-04T20:25:06","guid":{"rendered":"http:\/\/www.utn.edu.ec\/fccss\/carreras\/medicina\/?page_id=55"},"modified":"2019-02-05T21:34:23","modified_gmt":"2019-02-05T21:34:23","slug":"perfil-de-egreso","status":"publish","type":"page","link":"https:\/\/medicina.utn.edu.ec\/index.php\/perfil-de-egreso\/","title":{"rendered":"Perfil de Egreso"},"content":{"rendered":"<p><strong>Resultados de aprendizaje relacionados con las capacidades y actitudes.<img loading=\"lazy\" decoding=\"async\" class=\"size-full wp-image-307 alignright\" src=\"https:\/\/www.utn.edu.ec\/fccss\/carreras\/medicina\/wp-content\/uploads\/2017\/10\/PERFIL-DE.jpg\" alt=\"\" width=\"100\" height=\"625\" srcset=\"https:\/\/medicina.utn.edu.ec\/wp-content\/uploads\/2017\/10\/PERFIL-DE.jpg 100w, https:\/\/medicina.utn.edu.ec\/wp-content\/uploads\/2017\/10\/PERFIL-DE-48x300.jpg 48w, https:\/\/medicina.utn.edu.ec\/wp-content\/uploads\/2017\/10\/PERFIL-DE-43x270.jpg 43w\" sizes=\"(max-width: 100px) 100vw, 100px\" \/><\/strong><\/p>\n<ol>\n<li style=\"text-align: justify;\">Desarrolla una visi\u00f3n humanista integral de los pacientes y una comprensi\u00f3n de las relaciones con las familias y comunidades.<\/li>\n<li style=\"text-align: justify;\">Identifica los problemas relacionados al proceso salud-enfermedad tanto en el individuo, la familia, y la comunidad mediante una visi\u00f3n y enfoque integral de la medicina.<\/li>\n<li style=\"text-align: justify;\">Act\u00faa en los problemas de salud de forma cr\u00edtica y reflexiva.<\/li>\n<li style=\"text-align: justify;\">Valora de forma objetiva el proceso salud-enfermedad y su relaci\u00f3n con los determinantes, mediante una concepci\u00f3n cient\u00edfica integradora y utilizando los principios \u00e9ticos<\/li>\n<\/ol>\n<p style=\"text-align: justify;\"><strong>Resultados de aprendizaje relacionados con los conocimientos de las ciencias b\u00e1sicas.<\/strong><\/p>\n<ol style=\"text-align: justify;\">\n<li>Reconoce el proceso de conocimiento como el resultado de determinantes sociales y epistemol\u00f3gicas mediante la aplicaci\u00f3n de un modelo te\u00f3rico educativo que explique desde una perspectiva integral un fen\u00f3meno humano.<\/li>\n<li>Analiza los factores biol\u00f3gicos, ecol\u00f3gicos, sociales y culturales que inciden en el desarrollo de los seres vivos y su importancia en el mantenimiento integral de la especie humana.<\/li>\n<li>Comprende y reconoce la estructura funcional normal del cuerpo humano a nivel molecular, celular, tisular, org\u00e1nico y de sistemas en las distintas etapas de la vida y en ambos sexos.<\/li>\n<\/ol>\n<p style=\"text-align: justify;\"><strong>Resultados de aprendizaje relacionados con las habilidades y destrezas profesionales.<\/strong><\/p>\n<ol style=\"text-align: justify;\">\n<li>Gestiona informaci\u00f3n m\u00e9dica en distintos contextos del ejercicio profesional.<\/li>\n<li>Interact\u00faa correctamente utilizando la lengua materna, as\u00ed como la lengua de mayor uso en la poblaci\u00f3n de la Zona 1 del Ecuador, que\u00a0le permitan interactuar con los pacientes y otros profesionales, adem\u00e1s del uso de tecnolog\u00eda y bibliograf\u00eda for\u00e1nea.<\/li>\n<li>Analiza la influencia de los determinantes de salud de la poblaci\u00f3n en el proceso salud-enfermedad.<\/li>\n<\/ol>\n<p style=\"text-align: justify;\"><strong>Resultados de aprendizaje relacionados el manejo de modelos, protocolos, procesos y procedimientos.<\/strong><\/p>\n<ol>\n<li style=\"text-align: justify;\">Reconoce, diagnostica y orienta el manejo de las principales patolog\u00edas del perfil epidemiol\u00f3gico del pa\u00eds.<\/li>\n<li style=\"text-align: justify;\">Aplica protocolos espec\u00edficos para establecer el pron\u00f3stico de diferentes enfermedades, procesos o estados.<\/li>\n<li style=\"text-align: justify;\">Aplica el m\u00e9todo epidemiol\u00f3gico y la Medicina Basada en Evidencia (MBE) analizando literatura cient\u00edfica para su actualizaci\u00f3n y utilizando TICS.<\/li>\n<\/ol>\n","protected":false},"excerpt":{"rendered":"<p>Resultados de aprendizaje relacionados con las capacidades y actitudes. Desarrolla una visi\u00f3n humanista integral de los pacientes y una comprensi\u00f3n de las relaciones con las familias y comunidades. Identifica los problemas relacionados al proceso salud-enfermedad tanto en el individuo, la <a href=\"https:\/\/medicina.utn.edu.ec\/index.php\/perfil-de-egreso\/\" class=\"read-more\">Read More &#8230;<\/a><\/p>\n","protected":false},"author":1,"featured_media":0,"parent":0,"menu_order":0,"comment_status":"closed","ping_status":"closed","template":"","meta":{"footnotes":""},"class_list":["post-55","page","type-page","status-publish","hentry"],"_links":{"self":[{"href":"https:\/\/medicina.utn.edu.ec\/index.php\/wp-json\/wp\/v2\/pages\/55"}],"collection":[{"href":"https:\/\/medicina.utn.edu.ec\/index.php\/wp-json\/wp\/v2\/pages"}],"about":[{"href":"https:\/\/medicina.utn.edu.ec\/index.php\/wp-json\/wp\/v2\/types\/page"}],"author":[{"embeddable":true,"href":"https:\/\/medicina.utn.edu.ec\/index.php\/wp-json\/wp\/v2\/users\/1"}],"replies":[{"embeddable":true,"href":"https:\/\/medicina.utn.edu.ec\/index.php\/wp-json\/wp\/v2\/comments?post=55"}],"version-history":[{"count":6,"href":"https:\/\/medicina.utn.edu.ec\/index.php\/wp-json\/wp\/v2\/pages\/55\/revisions"}],"predecessor-version":[{"id":180,"href":"https:\/\/medicina.utn.edu.ec\/index.php\/wp-json\/wp\/v2\/pages\/55\/revisions\/180"}],"wp:attachment":[{"href":"https:\/\/medicina.utn.edu.ec\/index.php\/wp-json\/wp\/v2\/media?parent=55"}],"curies":[{"name":"wp","href":"https:\/\/api.w.org\/{rel}","templated":true}]}}

<p><strong>Resultados de aprendizaje relacionados con las capacidades y actitudes.<img loading="lazy" decoding="async" class="size-full wp-image-307 alignright" src="https://www.utn.edu.ec/fccss/carreras/medicina/wp-content/uploads/2017/10/PERFIL-DE.jpg" alt="" width="100" height="625" srcset="https://medicina.utn.edu.ec/wp-content/uploads/2017/10/PERFIL-DE.jpg 100w, https://medicina.utn.edu.ec/wp-content/uploads/2017/10/PERFIL-DE-48x300.jpg 48w, https://medicina.utn.edu.ec/wp-content/uploads/2017/10/PERFIL-DE-43x270.jpg 43w" sizes="(max-width: 100px) 100vw, 100px" /></strong></p>
<ol>
<li style="text-align: justify;">Desarrolla una visión humanista integral de los pacientes y una comprensión de las relaciones con las familias y comunidades.</li>
<li style="text-align: justify;">Identifica los problemas relacionados al proceso salud-enfermedad tanto en el individuo, la familia, y la comunidad mediante una visión y enfoque integral de la medicina.</li>
<li style="text-align: justify;">Actúa en los problemas de salud de forma crítica y reflexiva.</li>
<li style="text-align: justify;">Valora de forma objetiva el proceso salud-enfermedad y su relación con los determinantes, mediante una concepción científica integradora y utilizando los principios éticos</li>
</ol>
<p style="text-align: justify;"><strong>Resultados de aprendizaje relacionados con los conocimientos de las ciencias básicas.</strong></p>
<ol style="text-align: justify;">
<li>Reconoce el proceso de conocimiento como el resultado de determinantes sociales y epistemológicas mediante la aplicación de un modelo teórico educativo que explique desde una perspectiva integral un fenómeno humano.</li>
<li>Analiza los factores biológicos, ecológicos, sociales y culturales que inciden en el desarrollo de los seres vivos y su importancia en el mantenimiento integral de la especie humana.</li>
<li>Comprende y reconoce la estructura funcional normal del cuerpo humano a nivel molecular, celular, tisular, orgánico y de sistemas en las distintas etapas de la vida y en ambos sexos.</li>
</ol>
<p style="text-align: justify;"><strong>Resultados de aprendizaje relacionados con las habilidades y destrezas profesionales.</strong></p>
<ol style="text-align: justify;">
<li>Gestiona información médica en distintos contextos del ejercicio profesional.</li>
<li>Interactúa correctamente utilizando la lengua materna, así como la lengua de mayor uso en la población de la Zona 1 del Ecuador, que le permitan interactuar con los pacientes y otros profesionales, además del uso de tecnología y bibliografía foránea.</li>
<li>Analiza la influencia de los determinantes de salud de la población en el proceso salud-enfermedad.</li>
</ol>
<p style="text-align: justify;"><strong>Resultados de aprendizaje relacionados el manejo de modelos, protocolos, procesos y procedimientos.</strong></p>
<ol>
<li style="text-align: justify;">Reconoce, diagnostica y orienta el manejo de las principales patologías del perfil epidemiológico del país.</li>
<li style="text-align: justify;">Aplica protocolos específicos para establecer el pronóstico de diferentes enfermedades, procesos o estados.</li>
<li style="text-align: justify;">Aplica el método epidemiológico y la Medicina Basada en Evidencia (MBE) analizando literatura científica para su actualización y utilizando TICS.</li>
</ol>

<p>Resultados de aprendizaje relacionados con las capacidades y actitudes. Desarrolla una visión humanista integral de los pacientes y una comprensión de las relaciones con las familias y comunidades. Identifica los problemas relacionados al proceso salud-enfermedad tanto en el individuo, la <a href="https://medicina.utn.edu.ec/index.php/perfil-de-egreso/" class="read-more">Read More &#8230;</a></p>
