{"id":56,"date":"2017-10-04T20:25:06","date_gmt":"2017-10-04T20:25:06","guid":{"rendered":"http:\/\/www.utn.edu.ec\/fccss\/carreras\/medicina\/?page_id=56"},"modified":"2023-03-01T15:10:05","modified_gmt":"2023-03-01T15:10:05","slug":"perfil-profesional","status":"publish","type":"page","link":"https:\/\/medicina.utn.edu.ec\/index.php\/perfil-profesional\/","title":{"rendered":"Perfil Profesional"},"content":{"rendered":"\n<p><\/p>\n\n\n\n<table width=\"732\">\n<tbody>\n<tr>\n<td rowspan=\"2\" width=\"247\">\n<p><strong><em>PERFIL PROFESIONAL: COMPETENCIAS GEN\u00c9RICAS Y ESPEC\u00cdFICAS<\/em><\/strong><\/p>\n<\/td>\n<td colspan=\"2\" width=\"485\">\n<p><strong><em>DESCRIPCI\u00d3N DEL PERFIL PROFESIONAL<\/em><\/strong><\/p>\n<\/td>\n<\/tr>\n<tr>\n<td width=\"118\">\n<p><strong><em>ELEMENTOS<\/em><\/strong><\/p>\n<\/td>\n<td width=\"367\">\n<p><strong><em>Descripci\u00f3n<\/em><\/strong><\/p>\n<\/td>\n<\/tr>\n<tr>\n<td rowspan=\"15\" width=\"247\">\n<p><em>\u00a0<\/em> \u00a0<em>El perfil profesional detalla las competencias principales de la profesi\u00f3n, as\u00ed como los \u00e1mbitos y tareas que se desarrolla. En el caso de la Carrera de Medicina de la UTN, se ha tomado estas competencias de aquellas dise\u00f1adas por parte del Ministerio de Salud P\u00fablica con las Universidades del Ecuador para el m\u00e9dico general dentro del Sistema Nacional de Salud<\/em><\/p>\n<p><em>\u00a0<\/em><\/p>\n<p><em>\u00a0<\/em><\/p>\n<p><em>M\u00e9dico es el profesional de la medicina que tiene las capacidades, destrezas y conocimientos necesarios para diagnosticar, tratar y resolver procedimientos sencillos o b\u00e1sicos en los pacientes.<\/em><\/p>\n<p><em>\u00a0<\/em><\/p>\n<p><em>\u00a0<\/em><\/p>\n<p><em>\u00a0<\/em><\/p>\n<p><em>\u00a0<\/em><\/p>\n<p><em>\u00a0<\/em><\/p>\n<p><em>\u00a0<\/em><\/p>\n<p><em>El M\u00e9dico\u00a0trata a pacientes en consultorios, o incluso a domicilio, pueden tratar\u00a0<strong>pacientes<\/strong>\u00a0de todas las edades, este eval\u00faa el problema de salud que puede manifestar el paciente.<\/em><\/p>\n<p><em>\u00a0<\/em><\/p>\n<p><em>\u00a0<\/em><\/p>\n<p><em>\u00a0<\/em><\/p>\n<p><em>\u00a0<\/em><\/p>\n<\/td>\n<td rowspan=\"4\" width=\"118\">\n<p><strong><em>SER<\/em><\/strong><\/p>\n<p><em>(capacidades profesionales y habilidades del buen vivir)<\/em><\/p>\n<\/td>\n<td width=\"367\">\n<p><em>Atiende los problemas comunes que afectan la salud del individuo, familia y comunidad en los aspectos de promoci\u00f3n y prevenci\u00f3n con enfoque hol\u00edstico<\/em><\/p>\n<\/td>\n<\/tr>\n<tr>\n<td width=\"367\">\n<p><em>Desempe\u00f1a sus funciones con responsabilidad \u00e9tica, legal, social y ambiental<\/em><\/p>\n<\/td>\n<\/tr>\n<tr>\n<td width=\"367\">\n<p><em>Genera acciones para el cumplimiento de las pol\u00edticas y metas del Plan Nacional del Buen Vivir, que permitan generar tecnolog\u00edas para fomentar nuevos servicios.<\/em><\/p>\n<\/td>\n<\/tr>\n<tr>\n<td width=\"367\">\n<p><em>Diagnostica, trata, recupera y rehabilita las patolog\u00edas prevalentes en el medio mediante la valoraci\u00f3n cl\u00ednica y la aplicaci\u00f3n del m\u00e9todo cl\u00ednico.<\/em><\/p>\n<\/td>\n<\/tr>\n<tr>\n<td rowspan=\"4\" width=\"118\">\n<p><strong><em>SABER<\/em><\/strong><\/p>\n<p><em>(Relacionado a los campos de estudio y la investigaci\u00f3n)<\/em><\/p>\n<\/td>\n<td width=\"367\">\n<p><em>Identifica patolog\u00edas complejas refiri\u00e9ndolas al nivel de atenci\u00f3n que le corresponde.<\/em><\/p>\n<\/td>\n<\/tr>\n<tr>\n<td width=\"367\">\n<p><em>Gestiona procesos y proyectos administrativos sanitarios, participando de forma efectiva y activa dentro del equipo de salud y en la comunidad.<\/em><\/p>\n<\/td>\n<\/tr>\n<tr>\n<td width=\"367\">\n<p><em>Formula, ejecuta y participa en proyectos de investigaci\u00f3n desarrollando estrategias de autoeducaci\u00f3n y actualizaci\u00f3n permanente<\/em><\/p>\n<\/td>\n<\/tr>\n<tr>\n<td width=\"367\">\n<p><em>Reconoce, eval\u00faa y resuelve la fase inicial de las emergencias m\u00e9dicas aplicando las normas y protocolos de atenci\u00f3n del MSP de acuerdo al nivel de complejidad.<\/em><\/p>\n<\/td>\n<\/tr>\n<tr>\n<td rowspan=\"4\" width=\"118\">\n<p><strong><em>SABER CONOCER<\/em><\/strong><\/p>\n<p><em>(Relacionado a las competencias gen\u00e9ricas del pensamiento y capacidades para integrar el conocimiento)<\/em><\/p>\n<\/td>\n<td width=\"367\">\n<p><em>Establece estrategias de comunicaci\u00f3n con los pacientes, familiares, comunidad y equipo de salud incorporando conceptos multidisciplinarios y de interculturalidad.<\/em><\/p>\n<\/td>\n<\/tr>\n<tr>\n<td width=\"367\">\n<p><em>Utiliza la informaci\u00f3n sustentada en evidencia cient\u00edfica y tecnol\u00f3gica aplicada efectivamente dentro del contexto medico con eficiencia.<\/em><\/p>\n<\/td>\n<\/tr>\n<tr>\n<td width=\"367\">\n<p><em>Cumple los c\u00f3digos de \u00e9tica y leyes vigentes en el campo medico ajustando su conducta a las normas establecidas para aplicarlos en el ejercicio diario de su profesi\u00f3n.<\/em><\/p>\n<\/td>\n<\/tr>\n<tr>\n<td width=\"367\">\n<p><em>Realiza procedimientos diagn\u00f3sticos y terap\u00e9uticos b\u00e1sicos aplicando las t\u00e9cnicas y normas de bioseguridad.\u00a0\u00a0<\/em><\/p>\n<\/td>\n<\/tr>\n<tr>\n<td rowspan=\"3\" width=\"118\">\n<p><em>SABER HACER<\/em><\/p>\n<p><em>Relacionado con los campos de actuaci\u00f3n y los desempe\u00f1os profesionales espec\u00edficos.<\/em><\/p>\n<\/td>\n<td width=\"367\">\n<p><em>Planifica y ejecuta proyectos en el \u00e1rea de las Telecomunicaciones con soluciones t\u00e9cnicas y\u00a0\u00a0 eficientes.<\/em><\/p>\n<\/td>\n<\/tr>\n<tr>\n<td width=\"367\">\n<p><em>Dise\u00f1a, administra y opera sistemas de Telecomunicaciones permitiendo su migraci\u00f3n y crecimiento en funci\u00f3n de las nuevas demandas y tecnolog\u00edas que aparezcan en el mercado.<\/em><\/p>\n<\/td>\n<\/tr>\n<tr>\n<td width=\"367\">\n<p><em>Ejerce funciones de asesor\u00eda y consultor\u00eda dentro del \u00e1mbito de su competencia.<\/em><\/p>\n<\/td>\n<\/tr>\n<\/tbody>\n<\/table>\n","protected":false},"excerpt":{"rendered":"<p>PERFIL PROFESIONAL: COMPETENCIAS GEN\u00c9RICAS Y ESPEC\u00cdFICAS DESCRIPCI\u00d3N DEL PERFIL PROFESIONAL ELEMENTOS Descripci\u00f3n \u00a0 \u00a0El perfil profesional detalla las competencias principales de la profesi\u00f3n, as\u00ed como los \u00e1mbitos y tareas que se desarrolla. En el caso de la Carrera de Medicina <a href=\"https:\/\/medicina.utn.edu.ec\/index.php\/perfil-profesional\/\" class=\"read-more\">Read More &#8230;<\/a><\/p>\n","protected":false},"author":1,"featured_media":0,"parent":0,"menu_order":0,"comment_status":"closed","ping_status":"closed","template":"","meta":{"footnotes":""},"class_list":["post-56","page","type-page","status-publish","hentry"],"_links":{"self":[{"href":"https:\/\/medicina.utn.edu.ec\/index.php\/wp-json\/wp\/v2\/pages\/56"}],"collection":[{"href":"https:\/\/medicina.utn.edu.ec\/index.php\/wp-json\/wp\/v2\/pages"}],"about":[{"href":"https:\/\/medicina.utn.edu.ec\/index.php\/wp-json\/wp\/v2\/types\/page"}],"author":[{"embeddable":true,"href":"https:\/\/medicina.utn.edu.ec\/index.php\/wp-json\/wp\/v2\/users\/1"}],"replies":[{"embeddable":true,"href":"https:\/\/medicina.utn.edu.ec\/index.php\/wp-json\/wp\/v2\/comments?post=56"}],"version-history":[{"count":4,"href":"https:\/\/medicina.utn.edu.ec\/index.php\/wp-json\/wp\/v2\/pages\/56\/revisions"}],"predecessor-version":[{"id":763,"href":"https:\/\/medicina.utn.edu.ec\/index.php\/wp-json\/wp\/v2\/pages\/56\/revisions\/763"}],"wp:attachment":[{"href":"https:\/\/medicina.utn.edu.ec\/index.php\/wp-json\/wp\/v2\/media?parent=56"}],"curies":[{"name":"wp","href":"https:\/\/api.w.org\/{rel}","templated":true}]}}