{"id":84,"date":"2017-10-04T20:31:02","date_gmt":"2017-10-04T20:31:02","guid":{"rendered":"http:\/\/www.utn.edu.ec\/fccss\/carreras\/medicina\/?page_id=84"},"modified":"2025-03-26T15:50:59","modified_gmt":"2025-03-26T15:50:59","slug":"silabos-por-materia","status":"publish","type":"page","link":"https:\/\/medicina.utn.edu.ec\/index.php\/silabos-por-materia\/","title":{"rendered":"Docentes Titulares"},"content":{"rendered":"\n<p>\u00a0<\/p>\n<table style=\"width: 102.262%; height: 759px;\" width=\"745\">\n<tbody>\n<tr style=\"height: 100px;\">\n<td style=\"width: 17.5%; height: 15px;\" width=\"132\">\n<p><strong>FOTO<\/strong><\/p>\n<\/td>\n<td style=\"width: 19.0476%; height: 15px;\" width=\"144\">\n<p><strong>NOMBRES Y APELLIDOS<\/strong><\/p>\n<\/td>\n<td style=\"width: 22.8571%; height: 15px;\" width=\"174\">\n<p><strong>T\u00cdTULO DE TERCER NIVEL<\/strong><\/p>\n<\/td>\n<td style=\"width: 19.2857%; height: 15px;\" width=\"146\">\n<p><strong>T\u00cdTULO DE CUARTO NIVEL<\/strong><\/p>\n<\/td>\n<td style=\"width: 19.6429%; height: 15px;\" width=\"149\">\n<p><strong>RELACI\u00d3N LABORAL<\/strong><\/p>\n<\/td>\n<\/tr>\n<tr style=\"height: 215px;\">\n<td style=\"width: 17.5%; height: 215px;\"><img loading=\"lazy\" decoding=\"async\" class=\"alignnone size-medium wp-image-858\" src=\"https:\/\/medicina.utn.edu.ec\/wp-content\/uploads\/2025\/03\/WIDMARK-BAEZ-225x300.jpeg\" alt=\"\" width=\"225\" height=\"300\" srcset=\"https:\/\/medicina.utn.edu.ec\/wp-content\/uploads\/2025\/03\/WIDMARK-BAEZ-225x300.jpeg 225w, https:\/\/medicina.utn.edu.ec\/wp-content\/uploads\/2025\/03\/WIDMARK-BAEZ-768x1024.jpeg 768w, https:\/\/medicina.utn.edu.ec\/wp-content\/uploads\/2025\/03\/WIDMARK-BAEZ-203x270.jpeg 203w, https:\/\/medicina.utn.edu.ec\/wp-content\/uploads\/2025\/03\/WIDMARK-BAEZ.jpeg 960w\" sizes=\"(max-width: 225px) 100vw, 225px\" \/><\/td>\n<td style=\"width: 19.0476%; height: 215px;\" width=\"132\">WIDMARK ENRIQUE B\u00c1EZ MORALES<\/td>\n<td style=\"width: 22.8571%; height: 215px;\" width=\"144\">\n<p>DOCTORA EN MEDICINA Y CIRUG\u00cdA<\/p>\n<\/td>\n<td style=\"width: 19.2857%; height: 215px;\" width=\"174\">\n<p>MAGISTER EN GERENCIA EN SALUD PARA EL DESARROLLO LOCAL<\/p>\n<\/td>\n<td style=\"width: 19.6429%; height: 215px;\" width=\"146\">\n<p>NOMBRAMIENTO<\/p>\n<\/td>\n<\/tr>\n<tr style=\"height: 151px;\">\n<td style=\"width: 17.5%; height: 151px;\" width=\"132\"><img loading=\"lazy\" decoding=\"async\" class=\"alignnone size-medium wp-image-856\" src=\"https:\/\/medicina.utn.edu.ec\/wp-content\/uploads\/2025\/03\/RODRIGO-ALVEAR-202x300.jpeg\" alt=\"\" width=\"202\" height=\"300\" srcset=\"https:\/\/medicina.utn.edu.ec\/wp-content\/uploads\/2025\/03\/RODRIGO-ALVEAR-202x300.jpeg 202w, https:\/\/medicina.utn.edu.ec\/wp-content\/uploads\/2025\/03\/RODRIGO-ALVEAR-689x1024.jpeg 689w, https:\/\/medicina.utn.edu.ec\/wp-content\/uploads\/2025\/03\/RODRIGO-ALVEAR-768x1142.jpeg 768w, https:\/\/medicina.utn.edu.ec\/wp-content\/uploads\/2025\/03\/RODRIGO-ALVEAR-1033x1536.jpeg 1033w, https:\/\/medicina.utn.edu.ec\/wp-content\/uploads\/2025\/03\/RODRIGO-ALVEAR-182x270.jpeg 182w, https:\/\/medicina.utn.edu.ec\/wp-content\/uploads\/2025\/03\/RODRIGO-ALVEAR.jpeg 1076w\" sizes=\"(max-width: 202px) 100vw, 202px\" \/><\/td>\n<td style=\"width: 19.0476%; height: 151px;\" width=\"144\">\n<p>RODRIGO ROBERTO ALVEAR REASCOS<\/p>\n<\/td>\n<td style=\"width: 22.8571%; height: 151px;\" width=\"174\">\n<p>DOCTOR EN MEDICINA Y CIRUG\u00cdA<\/p>\n<\/td>\n<td style=\"width: 19.2857%; height: 151px;\" width=\"146\">\n<p>ESPECIALISTA EN MEDICINA FAMILIAR<\/p>\n<\/td>\n<td style=\"width: 19.6429%; height: 151px;\" width=\"149\">\n<p>NOMBRAMIENTO<\/p>\n<\/td>\n<\/tr>\n<tr style=\"height: 219px;\">\n<td style=\"width: 17.5%; height: 195px;\" width=\"132\"><img loading=\"lazy\" decoding=\"async\" class=\"alignnone size-medium wp-image-857\" src=\"https:\/\/medicina.utn.edu.ec\/wp-content\/uploads\/2025\/03\/yesenia-acosta-186x300.jpeg\" alt=\"\" width=\"186\" height=\"300\" srcset=\"https:\/\/medicina.utn.edu.ec\/wp-content\/uploads\/2025\/03\/yesenia-acosta-186x300.jpeg 186w, https:\/\/medicina.utn.edu.ec\/wp-content\/uploads\/2025\/03\/yesenia-acosta-167x270.jpeg 167w, https:\/\/medicina.utn.edu.ec\/wp-content\/uploads\/2025\/03\/yesenia-acosta.jpeg 393w\" sizes=\"(max-width: 186px) 100vw, 186px\" \/><\/td>\n<td style=\"width: 19.0476%; height: 195px;\" width=\"144\">\n<p>LOLA YESENIA ACOSTA VINUEZA<\/p>\n<\/td>\n<td style=\"width: 22.8571%; height: 195px;\" width=\"174\">\n<p>DOCTORA EN MEDICINA<\/p>\n<\/td>\n<td style=\"width: 19.2857%; height: 195px;\" width=\"146\">\n<p>ESPECIALISTA EN PSIQUIATR\u00cdA<\/p>\n<\/td>\n<td style=\"width: 19.6429%; height: 195px;\" width=\"149\">\n<p>NOMBRAMIENTO<\/p>\n<\/td>\n<\/tr>\n<tr style=\"height: 183px;\">\n<td style=\"width: 17.5%; height: 183px;\" width=\"132\"><img loading=\"lazy\" decoding=\"async\" class=\"alignnone size-medium wp-image-859\" src=\"https:\/\/medicina.utn.edu.ec\/wp-content\/uploads\/2025\/03\/JACQUELINE-POZO-207x300.jpeg\" alt=\"\" width=\"207\" height=\"300\" srcset=\"https:\/\/medicina.utn.edu.ec\/wp-content\/uploads\/2025\/03\/JACQUELINE-POZO-207x300.jpeg 207w, https:\/\/medicina.utn.edu.ec\/wp-content\/uploads\/2025\/03\/JACQUELINE-POZO-705x1024.jpeg 705w, https:\/\/medicina.utn.edu.ec\/wp-content\/uploads\/2025\/03\/JACQUELINE-POZO-768x1115.jpeg 768w, https:\/\/medicina.utn.edu.ec\/wp-content\/uploads\/2025\/03\/JACQUELINE-POZO-1058x1536.jpeg 1058w, https:\/\/medicina.utn.edu.ec\/wp-content\/uploads\/2025\/03\/JACQUELINE-POZO-186x270.jpeg 186w, https:\/\/medicina.utn.edu.ec\/wp-content\/uploads\/2025\/03\/JACQUELINE-POZO.jpeg 1102w\" sizes=\"(max-width: 207px) 100vw, 207px\" \/><\/td>\n<td style=\"width: 19.0476%; height: 183px;\" width=\"144\">\n<p>JACQUELINE ANDREA POZO BENAVIDES<\/p>\n<\/td>\n<td style=\"width: 22.8571%; height: 183px;\" width=\"174\">\n<p>DOCTORA EN MEDICINA<\/p>\n<\/td>\n<td style=\"width: 19.2857%; height: 183px;\" width=\"146\">\n<p>ESPECIALISTA EN NEFROLOG\u00cdA<\/p>\n<\/td>\n<td style=\"width: 19.6429%; height: 183px;\" width=\"149\">\n<p>NOMBRAMIENTO<\/p>\n<\/td>\n<\/tr>\n<\/tbody>\n<\/table>\n\n\n","protected":false},"excerpt":{"rendered":"<p>\u00a0 FOTO NOMBRES Y APELLIDOS T\u00cdTULO DE TERCER NIVEL T\u00cdTULO DE CUARTO NIVEL RELACI\u00d3N LABORAL WIDMARK ENRIQUE B\u00c1EZ MORALES DOCTORA EN MEDICINA Y CIRUG\u00cdA MAGISTER EN GERENCIA EN SALUD PARA EL DESARROLLO LOCAL NOMBRAMIENTO RODRIGO ROBERTO ALVEAR REASCOS DOCTOR EN <a href=\"https:\/\/medicina.utn.edu.ec\/index.php\/silabos-por-materia\/\" class=\"read-more\">Read More &#8230;<\/a><\/p>\n","protected":false},"author":1,"featured_media":0,"parent":0,"menu_order":0,"comment_status":"closed","ping_status":"closed","template":"","meta":{"footnotes":""},"class_list":["post-84","page","type-page","status-publish","hentry"],"_links":{"self":[{"href":"https:\/\/medicina.utn.edu.ec\/index.php\/wp-json\/wp\/v2\/pages\/84"}],"collection":[{"href":"https:\/\/medicina.utn.edu.ec\/index.php\/wp-json\/wp\/v2\/pages"}],"about":[{"href":"https:\/\/medicina.utn.edu.ec\/index.php\/wp-json\/wp\/v2\/types\/page"}],"author":[{"embeddable":true,"href":"https:\/\/medicina.utn.edu.ec\/index.php\/wp-json\/wp\/v2\/users\/1"}],"replies":[{"embeddable":true,"href":"https:\/\/medicina.utn.edu.ec\/index.php\/wp-json\/wp\/v2\/comments?post=84"}],"version-history":[{"count":28,"href":"https:\/\/medicina.utn.edu.ec\/index.php\/wp-json\/wp\/v2\/pages\/84\/revisions"}],"predecessor-version":[{"id":888,"href":"https:\/\/medicina.utn.edu.ec\/index.php\/wp-json\/wp\/v2\/pages\/84\/revisions\/888"}],"wp:attachment":[{"href":"https:\/\/medicina.utn.edu.ec\/index.php\/wp-json\/wp\/v2\/media?parent=84"}],"curies":[{"name":"wp","href":"https:\/\/api.w.org\/{rel}","templated":true}]}}